t is the highest common factor of u and i?
26
Let v be (-4)/4*-1903 + 8/(-4). Suppose -v + 605 = -16*z. What is the highest common factor of z and 54?
27
Let d(b) = b**2 + 5*b + 6. Let z be d(-5). Let j(l) = 2*l**2 + 2*l + 6. Let g be j(z). What is the highest common factor of g and 10?
10
Suppose -4*m + 6 + 22 = 0. Suppose m = 4*t - 49. Calculate the greatest common factor of 70 and t.
14
Let s be (2 + (-2)/4)*890/5. Suppose v + 3*n = -3*v + 740, 2*v = -5*n + 384. Let x = s - v. What is the greatest common divisor of x and 34?
17
Suppose 6 = -3*q, -12*l + 8*l + 2*q + 76 = 0. What is the greatest common divisor of 78 and l?
6
Let i(t) = 2*t**3 + 39*t**2 + 18*t - 4. Let j be i(-19). Calculate the highest common divisor of 27 and j.
3
Let w be -12 + 7*36/42. Suppose -5*z = -9*v + 4*v, 3*z - 6 = 0. Let h be 0/(-4) - (v + w). What is the greatest common divisor of h and 4?
4
Suppose -5*p + p = 2*w - 12, 0 = -3*w - 4*p + 10. Let c be 1*2 + (w - -7 - 4). Calculate the highest common divisor of c and 15.
3
Let l(d) = d**3 + 5*d**2 + d + 8. Let c = 2 + -7. Let n be l(c). Let b be (n + -2)*(3 - 2). Calculate the greatest common factor of b and 11.
1
Let i(w) = w**2 + 3*w + 4. Let s be i(-2). Let x be 11 + 1 + 0 + s. What is the greatest common divisor of x and 14?
14
Let f be (-2188)/10 + (-20)/(-25). Let o = 443 + f. Suppose 0 = 5*d - 0*d - o. What is the greatest common factor of 9 and d?
9
Suppose 297 = 15*y - 3. Calculate the greatest common factor of 16 and y.
4
Let g(d) be the third derivative of d**5/60 + 4*d**3/3 + 3*d**2. Let f be g(6). Suppose 2*p - f = -0*p. Calculate the greatest common divisor of p and 2.
2
Suppose -x + 3*f - 3 = -2*f, 2*f + 4 = 3*x. Suppose 0 = -5*y + x*y + 24. What is the greatest common divisor of y and 72?
8
Let y = 15 + -15. Suppose y*v + 18 = 2*v + 3*f, -v + 23 = 5*f. Suppose -3*g = -v - 45. What is the highest common factor of g and 2?
2
Let n(u) = u**2 + 41*u + 95. Let i be n(-39). Calculate the highest common factor of 731 and i.
17
Suppose -3*c = -3*f + 684, -5*c + 131 = 4*f - 745. What is the highest common divisor of f and 32?
32
Let o(n) = -n**3 + 8*n**2 - 5*n - 7. Let m be o(7). Suppose -m*r - 1210 = -12*r. Calculate the greatest common divisor of 22 and r.
22
Let p be (-24)/9*10/((-20)/39). Calculate the highest common divisor of 26 and p.
26
Suppose 0 = -t - 29 + 119. Calculate the greatest common factor of 18 and t.
18
Suppose -35 = -r + 9. Let n be ((-110)/(-7))/((12/(-3))/(-28)). Calculate the greatest common divisor of r and n.
22
Let i be 0 - -1 - (6 + -30). Let a = 8 - 5. Let o be i + a/(-6)*-6. What is the greatest common divisor of 14 and o?
14
Let d = 1 - 0. Let p be -6 - -5 - (d - 11). Calculate the highest common divisor of 63 and p.
9
Let x = 185 + -261. Let i = 109 + x. What is the greatest common factor of i and 3?
3
Suppose 0 = 26*r - 20*r - 1938. What is the highest common factor of r and 17?
17
Let n be (-24)/(-6)*(-29)/(-2). Let b = -16 + n. What is the highest common divisor of 6 and b?
6
Let m = -29 + 31. Suppose 238 + 42 = m*j. What is the greatest common factor of 20 and j?
20
Suppose -1877 = -17*l - 551. What is the greatest common divisor of 429 and l?
39
Let p(j) = 2*j - 1. Let b be p(2). Suppose -14 = 5*v + 4*g, -3*g + 1 = v - b*v. Let t be (3 - 2)*v + 6. Calculate the greatest common divisor of t and 28.
4
Let o(q) = -2*q**3 + 5*q**2 + q - 5. Let z be o(-5). Suppose -5*a + z = -175. Let g be (a/(-14))/(8/(-56)). Calculate the highest common factor of g and 36.
18
Let p(b) = -60*b**2 + 3 - 2 + 159*b**2 - 4*b - 4. Let h be p(-3). Suppose -6*v = -v - h. What is the greatest common factor of 20 and v?
20
Let a = 521 + -501. Let b(s) = -s**2 + 5*s - 3. Let j be b(2). Suppose 20 = d + j*d. Calculate the greatest common factor of d and a.
5
Let u(o) = o + 15. Let m be u(5). Suppose 0 = 2*r - j - 40, -r + 2*r = 3*j + m. What is the highest common divisor of r and 140?
20
Let o(s) = -s**2 + 12*s - 8. Let c be o(11). Suppose -c*h + h = -42. What is the greatest common divisor of h and 84?
21
Suppose 3*o - 4*v - 21 = 0, 19 = -4*o - 4*v + 75. Let b be 1*22 - (0 + 0). Calculate the greatest common divisor of o and b.
11
Suppose -5*u = 2*u - 252. Suppose u = -4*d + 204. What is the greatest common factor of d and 14?
14
Let q(l) = -l - 1. Let r be q(-4). Suppose 22 = r*g + 4. Let s be (-1855)/(-28) - 1/4. What is the highest common divisor of g and s?
6
Let q be 2/1*66/(-4). Let l(b) = -63*b + 3. Let s be l(-1). Let t = q + s. Calculate the greatest common divisor of t and 3.
3
Let y be 365/4 + (-704)/(-256). What is the highest common factor of y and 1081?
47
Let u(m) = 3*m**2 + 11*m + 43. Let n be u(-5). Let w be (1*3)/(12/(-16)). Let g be 189/(-6)*w/6. Calculate the greatest common factor of g and n.
21
Let z be 78/5 + 2/5. Suppose -6*x + 2*x = -z. Suppose 107*n - 1435 = 3273. What is the greatest common divisor of x and n?
4
Suppose 3 = 2*v + 39. Let o be (-7 - -9)/((-4)/v). Let u be 4/6 - (-1479)/o. What is the highest common factor of u and 15?
15
Suppose -3*t - 45 = -6*t. Let z = 15 - t. Let a be (-5 + z)*(-95)/25. What is the greatest common factor of a and 209?
19
Suppose -18*i - 108 = -30*i. Calculate the greatest common divisor of i and 144.
9
Suppose -41*l = -55*l + 532. Suppose 3*w + 5*k = 2*k + 1248, -1678 = -4*w + 3*k. What is the greatest common factor of w and l?
38
Let j = -340 + 1552. Calculate the highest common factor of 12 and j.
12
Let f(k) = -13*k + 21. Let p be f(1). What is the highest common divisor of p and 16?
8
Suppose z + 28 = -0*z + 4*m, 72 = -4*z - 4*m. Let a(o) = -3*o - 34. Let q be a(z). What is the greatest common divisor of 13 and q?
13
Suppose 5*q - 2*q - 3*b = -21, 2*b = 4. Let z(y) = 2*y**2 + 14*y + 36. Let m be z(q). What is the highest common factor of m and 4?
4
Let i be (88/(-2) - 4)*273/(-28). Calculate the highest common divisor of i and 39.
39
Suppose 86*d - 121*d + 70 = 0. What is the highest common factor of d and 14?
2
Let x be 2*(-6)/4 + 8. Suppose -x*j = 2*l - 99, -3 = 4*l + 9. What is the greatest common factor of j and 7?
7
Let h(k) = -22*k + 42. Let s be h(-6). Suppose 0 = 4*j - s + 162. Calculate the highest common factor of j and 2.
1
Let i(y) = -y**3 + 9*y**2 + 4. Let x be i(9). Let q(s) = -5*s - 4. Let m be q(-8). Calculate the highest common factor of m and x.
4
Let k = -165 + 170. Let i = 174 + -104. Suppose z = -4*c + 61, 0 = 5*c - 6*z + z - i. What is the highest common divisor of c and k?
5
Suppose -4*l = 38 - 118. Suppose 4*w = 2*w + l. What is the greatest common factor of w and 20?
10
Suppose 0 = 21*b - 19*b - 62. What is the greatest common factor of 403 and b?
31
Let g(r) = r**2 - 14*r - 17. Let z be g(16). Let h be (-5)/(-25) - (-597)/z. Calculate the greatest common factor of 8 and h.
8
Let q be (-3318)/(-222) + (-12)/(-222). What is the highest common factor of q and 201?
3
Suppose -5*d + 5*o = -45, -9*o + 9 = -12*o. Calculate the highest common divisor of d and 69.
3
Let g(w) = -2*w**3 + 13*w**2 + 8*w + 9. Let n be g(-9). Calculate the greatest common divisor of 72 and n.
72
Let q = 16 + 0. Suppose -10*j + 1200 = -2*j. Let z be 9*((-2)/(-10) + 1570/j). What is the highest common factor of q and z?
16
Suppose 5*b = -2*q + 404, 2*q + 174 - 550 = 2*b. Calculate the greatest common divisor of q and 256.
64
Suppose 0 = 6*d - 3*d + 2*q - 334, q - 112 = -d. Calculate the greatest common factor of 176 and d.
22
Let i = -40 + 84. Let w = i + -14. What is the highest common factor of 30 and w?
30
Let d(s) = 575*s - 25. Let b be d(1). Calculate the greatest common factor of b and 200.
50
Let j(d) = 3*d**2 + 75*d + 128. Let s be j(-31). Calculate the highest common divisor of 14 and s.
14
Let d be (-1)/6 + (-1041)/18. Let s = -45 - d. What is the highest common divisor of 117 and s?
13
Suppose 63 - 216 = -9*n. Calculate the highest common divisor of n and 272.
17
Suppose 75*w - 70*w = 3705. Calculate the highest common divisor of 39 and w.
39
Let d(h) = h**2 - 12*h + 16. Let n be d(9). Let b be (-2 + 3 + -2)*8. Let q = b - n. Calculate the greatest common factor of 3 and q.
3
Let r be (18/(-81) - 26/(-36))*0. Let s be ((-30)/(-12) - r) + 3/(-2). What is the highest common divisor of 1 and s?
1
Suppose -2920*r - 520 = -2930*r. Sup